at are the prime factors of 1355767557?
3, 451922519
What are the prime factors of 3909812822?
2, 1954906411
List the prime factors of 164165879.
67, 373, 6569
List the prime factors of 30812879.
30812879
List the prime factors of 2618824298.
2, 23, 149, 382087
List the prime factors of 5157162.
2, 3, 43, 2221
What are the prime factors of 1321902019?
1321902019
List the prime factors of 28363423.
11, 37, 227, 307
What are the prime factors of 56264823?
3, 73, 85639
List the prime factors of 75165002.
2, 11, 71, 48121
List the prime factors of 97664647.
23, 59, 71971
What are the prime factors of 205187860?
2, 5, 151, 67943
What are the prime factors of 475790226?
2, 3, 79298371
List the prime factors of 19269580.
2, 5, 11, 87589
What are the prime factors of 5322631442?
2, 1123, 2369827
List the prime factors of 1666786040.
2, 5, 1861, 22391
List the prime factors of 589229704.
2, 7, 1503137
List the prime factors of 1796896079.
11, 103, 1585963
List the prime factors of 64686890.
2, 5, 151, 42839
List the prime factors of 2524457516.
2, 7, 113, 797869
List the prime factors of 104944350.
2, 3, 5, 7, 89, 1123
What are the prime factors of 554956082?
2, 12979, 21379
List the prime factors of 407731224.
2, 3, 41, 414361
List the prime factors of 729979273.
83, 8794931
What are the prime factors of 654145834?
2, 179, 677, 2699
List the prime factors of 3770180485.
5, 2791, 270167
List the prime factors of 1720101969.
3, 29, 6590429
What are the prime factors of 1735038890?
2, 5, 13, 2131, 6263
List the prime factors of 2773037716.
2, 693259429
List the prime factors of 1442478477.
3, 11, 139, 157, 2003
List the prime factors of 388552520.
2, 5, 9713813
What are the prime factors of 642703753?
73, 8804161
List the prime factors of 1629541833.
3, 543180611
List the prime factors of 1104213.
3, 11, 33461
What are the prime factors of 620408470?
2, 5, 11, 107, 52711
List the prime factors of 733704435.
3, 5, 31, 525953
What are the prime factors of 39614153?
39614153
What are the prime factors of 151168395?
3, 5, 7, 1439699
List the prime factors of 157100221.
29, 5417249
List the prime factors of 1632910502.
2, 19, 1511, 28439
List the prime factors of 15016319.
73, 205703
What are the prime factors of 387007415?
5, 77401483
What are the prime factors of 5118205312?
2, 11, 167, 21767
List the prime factors of 11118337.
11118337
List the prime factors of 77542296.
2, 3, 13, 248533
List the prime factors of 252074587.
252074587
What are the prime factors of 248420427?
3, 47, 1761847
List the prime factors of 3577120472.
2, 447140059
What are the prime factors of 8418099530?
2, 5, 19, 4051, 10937
List the prime factors of 1391332401.
3, 71, 97, 22447
List the prime factors of 2545044061.
7, 71, 5120813
What are the prime factors of 595321392?
2, 3, 157, 197, 401
What are the prime factors of 2960836897?
23, 128732039
What are the prime factors of 21314343?
3, 89, 79829
List the prime factors of 124303598.
2, 62151799
What are the prime factors of 2076904301?
23, 313, 288499
What are the prime factors of 65229968?
2, 43, 94811
List the prime factors of 393682081.
13, 379, 79903
List the prime factors of 6139765740.
2, 3, 5, 29, 73, 48337
What are the prime factors of 58142294?
2, 7, 4153021
List the prime factors of 217224041.
1471, 147671
What are the prime factors of 393356145?
3, 5, 7, 13, 19, 29, 523
List the prime factors of 63206305.
5, 47, 101, 2663
List the prime factors of 1879257695.
5, 7, 89, 421, 1433
What are the prime factors of 1672588229?
13, 31, 4150343
List the prime factors of 41484003.
3, 11, 114281
List the prime factors of 484132116.
2, 3, 13, 3103411
What are the prime factors of 46909594?
2, 19, 1234463
What are the prime factors of 140296160?
2, 5, 876851
What are the prime factors of 38954835?
3, 5, 503, 1721
What are the prime factors of 76748974?
2, 79, 485753
What are the prime factors of 646834672?
2, 11, 3675197
What are the prime factors of 1207976866?
2, 603988433
List the prime factors of 257488016.
2, 16093001
What are the prime factors of 1529436180?
2, 3, 5, 25490603
What are the prime factors of 27799821?
3, 7, 147089
List the prime factors of 3152937139.
11, 139, 2062091
What are the prime factors of 4538187892?
2, 7, 162078139
List the prime factors of 351944138.
2, 7, 13, 1933759
What are the prime factors of 57776985?
3, 5, 7, 149, 1231
List the prime factors of 120078558.
2, 3, 2223677
List the prime factors of 2884754757.
3, 79, 12171961
What are the prime factors of 307208835?
3, 5, 71, 32051
List the prime factors of 1209043564.
2, 302260891
List the prime factors of 236224895.
5, 3299, 14321
What are the prime factors of 1241951487?
3, 7, 263, 224869
What are the prime factors of 4034201313?
3, 1344733771
What are the prime factors of 62102950?
2, 5, 7, 13, 13649
List the prime factors of 426466933.
9931, 42943
List the prime factors of 138729129.
3, 7, 11, 17, 35327
List the prime factors of 251514056.
2, 151, 208207
What are the prime factors of 26187929?
107, 244747
What are the prime factors of 43676653?
1607, 27179
List the prime factors of 65253819.
3, 271, 80263
List the prime factors of 2143830249.
3, 11, 19, 29, 39301
What are the prime factors of 944071097?
944071097
What are the prime factors of 218079945?
3, 5, 463, 1163
What are the prime factors of 675389?
11, 13, 4723
List the prime factors of 155460899.
11, 14132809
What are the prime factors of 2627115006?
2, 3, 437852501
What are the prime factors of 1305398841?
3, 61, 101, 70627
List the prime factors of 621890644.
2, 155472661
List the prime factors of 861979313.
13, 66306101
List the prime factors of 54092781.
3, 73, 281, 293
What are the prime factors of 1465104938?
2, 11, 593, 112303
What are the prime factors of 318175882?
2, 23, 197, 35111
List the prime factors of 610720885.
5, 122144177
What are the prime factors of 51556740?
2, 3, 5, 859279
List the prime factors of 116559988.
2, 167, 174491
What are the prime factors of 75225770?
2, 5, 73, 103049
What are the prime factors of 158992836?
2, 3, 19, 23, 30319
What are the prime factors of 64677082?
2, 32338541
What are the prime factors of 1157649161?
53, 487, 44851
What are the prime factors of 65819?
13, 61, 83
List the prime factors of 7239318.
2, 3, 1206553
What are the prime factors of 41394932?
2, 17, 608749
What are the prime factors of 39811796?
2, 9952949
What are the prime factors of 402284855?
5, 7, 17, 96587
List the prime factors of 75019282.
2, 13, 137, 21061
What are the prime factors of 462320770?
2, 5, 67, 431, 1601
List the prime factors of 12355862.
2, 277, 22303
List the prime factors of 47393713.
53, 894221
List the prime factors of 2057585819.
23, 43, 317, 6563
List the prime factors of 55718579.
7, 353, 22549
List the prime factors of 58888208.
2, 167, 22039
List the prime factors of 70389939.
3, 389, 60317
List the prime factors of 650933124.
2, 3, 1019, 53233
What are the prime factors of 117954005?
5, 13, 23, 257, 307
List the prime factors of 247890477.
3, 31, 179, 14891
List the prime factors of 87068322.
2, 3, 11, 17, 25867
What are the prime factors of 51544990?
2, 5, 7, 736357
List the prime factors of 1150388383.
19, 83, 419, 1741
List the prime factors of 120933122.
2, 1117, 54133
List the prime factors of 1408302877.
47, 29963891
What are the prime factors of 428817217?
428817217
What are the prime factors of 10783057?
373, 28909
List the prime factors of 432565539.
3, 7, 41, 83, 6053
What are the prime factors of 266209541?
13, 397, 51581
List the prime factors of 1977659826.
2, 3, 313, 1053067
List the prime factors of 141552635.
5, 7, 61, 66301
List the prime factors of 40471057.
11, 181, 20327
List the prime factors of 27688736.
2, 29, 29837
List the prime factors of 25896236.
2, 17, 229, 1663
What are the prime factors of 48023967?
3, 16007989
List the prime factors of 816565930.
2, 5, 17, 877, 5477
List the prime factors of 4449383605.
5, 3463, 256967
List the prime factors of 92911728.
2, 3, 7, 13, 89, 239
List the prime factors of 5437932.
2, 3, 453161
List the prime factors of 387982871.
387982871
List the prime factors of 164675231.
7, 3360719
List the prime factors of 892862951.
409, 821, 2659
What are the prime factors of 14081348